t s be a - (1 - 6/2). Suppose n + 37 = 5*p, -4*p - 4*n = -s*p + 28. What are the prime factors of p?
2
Let x = 16 + 19. List the prime factors of x.
5, 7
Let h be -1 - 3/(12/(-16)). Suppose -h*q - 39 = -99. List the prime factors of q.
2, 5
Let s(v) = -v**2 - 13*v - 9. List the prime factors of s(-10).
3, 7
Let h = 7 - -267. What are the prime factors of h?
2, 137
Suppose -26 - 1 = 3*u. Let q = -3 - u. List the prime factors of q.
2, 3
Let k(l) = 2*l + 2*l**3 - l - 3*l**2 - l**3. Let b(a) = 2*a**3 - 5*a**2 + 3*a + 1. Let v(d) = 2*b(d) - 5*k(d). What are the prime factors of v(5)?
7
Suppose -4*t + 31 - 3 = 0. Let n = 43 + t. List the prime factors of n.
2, 5
Suppose x - 2*i + 6 - 1 = 0, 2*x - i = 5. Suppose 0 = -3*z - 2*z + 75. Let l = z - x. List the prime factors of l.
2, 5
Suppose -3 = 5*y - a + 2, 3*a = 5*y + 15. Suppose -h + 15 = -y. What are the prime factors of h?
3, 5
Suppose -22 = -c - 2*b, 0*c + 64 = 3*c + 5*b. Let i = c + -10. What are the prime factors of i/((-6)/(-9)*1)?
2, 3
Suppose 3*v - 15 = -0*v, -4*i - 3*v = -303. What are the prime factors of i?
2, 3
List the prime factors of (84/90*51)/((-1)/(-5)).
2, 7, 17
Suppose -2*t + 523 = 23. List the prime factors of t.
2, 5
Let w(r) = r**3 - 6*r**2 + r + 1. List the prime factors of w(6).
7
Let u = 2 + -2. Suppose -2*m + 28 + 9 = -t, u = 3*m + 3*t - 33. List the prime factors of m.
2
List the prime factors of 0 - ((-5)/(20/1036) - -4).
3, 5, 17
Suppose 5*a = 4 + 6, 5*m = 3*a + 1364. What are the prime factors of m?
2, 137
Let r be (-6)/(-10) + 204/10. Suppose 4*u - r - 23 = -4*v, 3*u = 4*v + 5. List the prime factors of u.
7
Suppose 0 = 3*p - 10*p + 14. What are the prime factors of p?
2
Let x be ((-84)/(-16))/((-1)/4). Suppose 2*c = -0*c - 72. Let r = x - c. List the prime factors of r.
3, 5
Let q(v) = -5*v**2 - 12*v + 7. Let y(u) = u**2 + u + 1. Let f(h) = -q(h) - 4*y(h). Let o = -21 + 11. What are the prime factors of f(o)?
3
Let s(d) = d**2 + 5*d - 14. List the prime factors of s(-10).
2, 3
Let b(v) = v**3 - 10*v**2 + 10*v + 4. Let j be b(9). Let a be 2/j + 2/(-13). Suppose l - 3 = -3*s + s, s + 2*l = a. What are the prime factors of s?
2
Suppose -4*h + 17 = 3*p, 2*p - 35 + 13 = -4*h. Let a be (72/h)/(3/4). Suppose 0 = 5*q - a + 2. List the prime factors of q.
2
Let t = 2 - 4. List the prime factors of t/(-6) - 24/(-9).
3
Let s = 4 - 1. Let a be (-1)/s + 37/3. List the prime factors of 87/a - 1/4.
7
Let m(d) = -5*d - 40. What are the prime factors of m(-21)?
5, 13
Let f(g) = -g**3 + 8*g**2 + 10*g - 5. Let h be f(9). Suppose h*a - 14 = -2*s, 2*s - a = -14 + 43. List the prime factors of s.
13
Suppose 4*c = c. Let o = 12 - 12. What are the prime factors of c + 0 + o - -10?
2, 5
Let s(b) = 2*b**2 - 6*b + 2. Suppose -5*z - 45 = 4*i, -z + 5*z + 25 = -i. Let h be 10/z + 12/2. List the prime factors of s(h).
2, 5
Let h = -94 + 189. List the prime factors of h.
5, 19
Let d(q) = q + 8. Let t be d(-8). Suppose t = -2*r + 3*r - 2. What are the prime factors of r?
2
List the prime factors of (66/9 + 0)*3.
2, 11
Let z(b) = -b**3 + 5*b**2 + 3*b - 6. Let r be z(5). What are the prime factors of (30/(-9))/((-2)/r)?
3, 5
Let v(w) = -w - 1. Let s = 3 - 9. Let c be v(s). Suppose -5*a - c*m + 85 = -0*a, 5*a + m - 69 = 0. List the prime factors of a.
13
Let m(x) be the second derivative of -x**3/2 - 3*x**2/2 + x. Suppose -4*u = -3 + 15. What are the prime factors of m(u)?
2, 3
Let d(t) = -4*t + 64. List the prime factors of d(-14).
2, 3, 5
Let j(l) = 7*l - 2. Suppose 5*t - 12 - 8 = 0, 5*m = -2*t + 8. Let u = m - -2. What are the prime factors of j(u)?
2, 3
Suppose -2 - 1 = -k. List the prime factors of k/4 + (-168)/(-32).
2, 3
Suppose 2*z = 5*x + 6, -7*x - 16 = -2*x + 3*z. Let k = 2 + x. Suppose k = w + 2*n - 20, 0*n = -n + 3. List the prime factors of w.
2, 7
Suppose q - 4*r - 258 = -q, r + 502 = 4*q. What are the prime factors of q?
5
Let d be (16/6)/(4/6). Suppose 4*b + 4*n - d = 0, -5*b = 2*n - 8 - 9. Suppose 3*h + b = 41. What are the prime factors of h?
2, 3
Let b(t) = 3*t**2 + 12*t + 12. What are the prime factors of b(-5)?
3
Let m(u) = u**3 + 7*u**2 + 7*u + 9. Let j be m(-6). Suppose 0 = 4*h + 2*z - z - 187, -4*h = -j*z - 191. List the prime factors of h.
47
Let t be (-1 - -2) + 3 + 1. Suppose 0 = 5*g - 3*r - 17, -3*r + 0*r = -2*g + t. Suppose -2*q + 0*v = -g*v - 26, v = -4*q + 16. List the prime factors of q.
5
Let t be ((5 + -3)*-1)/(-1). Let m be ((-15)/3)/(t + -3). Suppose -3 = -m*b + 17. What are the prime factors of b?
2
Suppose 2*o = -4*a + 36, -3*a - 114 = -5*o - 5*a. List the prime factors of o.
2, 3
Suppose -2*d - a + 19 = -17, 3*a = 5*d - 90. What are the prime factors of d - (15/(-3) + 2)?
3, 7
Let o(j) = -58*j + 1. Let k be o(-1). Let b = k + -36. Suppose 3*r - 10 = b. List the prime factors of r.
11
Let r be 2*-2 + 2 - -29. Suppose -18 = -3*q + r. List the prime factors of q.
3, 5
Let o(u) = -u**3 + 12*u**2 + 2*u - 15. Let a be o(12). Suppose -5*y + 15 = -8*i + 3*i, 5*i + 39 = -3*y. Let l = i + a. What are the prime factors of l?
3
Let z(b) = -b**3 - 3*b**2 + 6*b + 4. Let h be z(-5). Let j be ((-8)/2)/((-3)/h). Suppose x = -4*x + 3*i + 3, 4*x + 5*i = j. List the prime factors of x.
3
Let s = 91 - 80. Let w = 12 + -21. Let l = s - w. List the prime factors of l.
2, 5
Let v = -52 + 149. What are the prime factors of v?
97
Let n(s) = 106*s + 3. What are the prime factors of n(1)?
109
Suppose 93 = 5*w - 4*a, -w + 4*a - 9 = -2*w. Suppose t = 3*z - w, -z - 2*t + 1 = -0. List the prime factors of z.
5
Suppose 4*w - 140 = -76. What are the prime factors of w?
2
Let m = -27 + 57. List the prime factors of m.
2, 3, 5
Let u(i) = i + 10. List the prime factors of u(6).
2
Let a = 555 - 367. What are the prime factors of a?
2, 47
Suppose -2*m - 2*u = -112, 5*m - 6*m + 2*u + 68 = 0. List the prime factors of m.
2, 3, 5
Let k be (12/10)/((-4)/20). Let s = k - -8. List the prime factors of s.
2
Suppose -3*w - 3*l - 2*l = 13, -w + 2*l + 14 = 0. Suppose -w*q + 35 = q. What are the prime factors of q?
7
Let j(v) = -2*v + 21. Let z be j(15). Let t = 45 + -30. Let r = t + z. List the prime factors of r.
2, 3
Let z = 34 - 67. Let w = 65 + z. List the prime factors of w.
2
Suppose -5*m + 248 - 58 = 0. What are the prime factors of m?
2, 19
Let b(j) = -52*j - 2. Let v be b(1). What are the prime factors of v/(-8) + 24/(-32)?
2, 3
Suppose v - 70 = -3*l, -5*v + 120 = 3*l + 2*l. Let d = l - 15. List the prime factors of d.
2
Suppose -4*p = -18 - 62. List the prime factors of p.
2, 5
Let d(f) = -5*f**3 + 2*f**2 + 7*f + 4. Let g(v) = 14*v**3 - 6*v**2 - 20*v - 12. Let j(w) = 11*d(w) + 4*g(w). What are the prime factors of j(4)?
2
Let z(s) = 4*s**3 - 5*s**2 + 5*s - 3. Let c be z(3). List the prime factors of (c/(-12))/((-1)/4).
5
Let k(h) = 2*h**2 - 2*h + 1. Let w(g) = g**3 - 5*g**2 - 2*g + 7. Let p be w(5). Let y be p/(((-6)/4)/(-1)). What are the prime factors of k(y)?
13
Let k(v) = v**2 - 3*v - 37. List the prime factors of k(-16).
3, 89
Let i = -10 - 2. Let f = i - -32. Suppose -3*y + f = -y. What are the prime factors of y?
2, 5
Suppose h - 19 = 5*c, 3*h + 4*c = 132 - 37. What are the prime factors of h?
29
Let i(k) = k**3 - k**2 - 5*k + 4. Let v be i(3). Let z be (v/(21/(-30)))/(-2). List the prime factors of ((-12)/10)/((-2)/z).
3
Suppose 6 - 18 = 3*p. List the prime factors of ((-20)/8 - p)*2.
3
Let t(f) = -f**3 + 12*f**2 - 11*f - 2. Let s be t(11). List the prime factors of (17 + s + 3)*2.
2, 3
Let q = -56 + 159. What are the prime factors of q?
103
Let b be 3/(-1) + -1 + 7. Let j = b + -2. List the prime factors of 14/(-7) + 9/j.
7
Let m(w) = -w**3 - 14*w**2 + 11*w + 2. Let s be m(-15). Suppose -3*o + s = 4*j, 2*j - 12 = -2*o + 20. What are the prime factors of j?
2, 7
Suppose 3*w - 9 + 3 = 0. Let q be 20/w*2/4. Suppose 2 = -d - 2*l - 4, 5*d - 30 = q*l. List the prime factors of d.
2
Let p = -314 + 457. What are the prime factors of p?
11, 13
Let f be 29 + (-2)/(4 - 3). Suppose -f - 33 = -5*l. List the prime factors of l.
2, 3
Let p(z) = -36*z + 2. What are the prime factors of p(-5)?
2, 7, 13
List the prime factors of 498/21 + 6/21.
2, 3
Let h be (-1 + 3)/2*-3. Let p = 3 + h. Suppose p = -m + 3, -22 = -3*t - m + 5. What are the prime factors of t?
2
Let w(n) = -2*n**3 - 14*n**2 + 7*n + 8. What 